{"id":4372,"date":"2019-11-28T20:29:13","date_gmt":"2019-11-28T19:29:13","guid":{"rendered":"https:\/\/www.kaemmerinternational.de\/hannover\/?page_id=4372"},"modified":"2025-02-07T17:08:52","modified_gmt":"2025-02-07T16:08:52","slug":"staff","status":"publish","type":"page","link":"https:\/\/www.kaemmerinternational.de\/hannover\/ueber-uns\/staff\/","title":{"rendered":"KIBS Staff"},"content":{"rendered":"<h2 class=\"wp-block-heading\">Gesch\u00e4ftsf\u00fchrung<\/h2>\n\n\n\n<div class=\"wp-block-media-text alignwide\"><figure class=\"wp-block-media-text__media\"><img fetchpriority=\"high\" decoding=\"async\" width=\"340\" height=\"340\" src=\"https:\/\/www.kaemmerinternational.de\/hannover\/wp-content\/uploads\/2023\/11\/9202861-e1738941909777.jpeg\" alt=\"\" class=\"wp-image-5730 size-full\" srcset=\"https:\/\/www.kaemmerinternational.de\/hannover\/wp-content\/uploads\/2023\/11\/9202861-e1738941909777.jpeg 340w, https:\/\/www.kaemmerinternational.de\/hannover\/wp-content\/uploads\/2023\/11\/9202861-e1738941909777-300x300.jpeg 300w, https:\/\/www.kaemmerinternational.de\/hannover\/wp-content\/uploads\/2023\/11\/9202861-e1738941909777-150x150.jpeg 150w\" sizes=\"(max-width: 340px) 100vw, 340px\" \/><\/figure><div class=\"wp-block-media-text__content\">\n<p><strong>Heike Eckhoff<\/strong><br>Gesch\u00e4ftsf\u00fchrerin KIBS<\/p>\n<\/div><\/div>\n\n\n\n<div class=\"wp-block-media-text alignwide\"><figure class=\"wp-block-media-text__media\"><img decoding=\"async\" width=\"400\" height=\"400\" src=\"https:\/\/www.kaemmerinternational.de\/hannover\/wp-content\/uploads\/2023\/11\/9202855-e1700728659954.jpg\" alt=\"\" class=\"wp-image-5752 size-full\" srcset=\"https:\/\/www.kaemmerinternational.de\/hannover\/wp-content\/uploads\/2023\/11\/9202855-e1700728659954.jpg 400w, https:\/\/www.kaemmerinternational.de\/hannover\/wp-content\/uploads\/2023\/11\/9202855-e1700728659954-300x300.jpg 300w, https:\/\/www.kaemmerinternational.de\/hannover\/wp-content\/uploads\/2023\/11\/9202855-e1700728659954-150x150.jpg 150w\" sizes=\"(max-width: 400px) 100vw, 400px\" \/><\/figure><div class=\"wp-block-media-text__content\">\n<p><strong>Maren Clarke<\/strong><br>P\u00e4dagogische Leitung KIBS, Schulleitung Grundschule<\/p>\n<\/div><\/div>\n\n\n\n<div class=\"wp-block-media-text alignwide\"><figure class=\"wp-block-media-text__media\"><img decoding=\"async\" width=\"400\" height=\"400\" src=\"https:\/\/www.kaemmerinternational.de\/hannover\/wp-content\/uploads\/2025\/02\/o-brien.jpg\" alt=\"\" class=\"wp-image-6143 size-full\" srcset=\"https:\/\/www.kaemmerinternational.de\/hannover\/wp-content\/uploads\/2025\/02\/o-brien.jpg 400w, https:\/\/www.kaemmerinternational.de\/hannover\/wp-content\/uploads\/2025\/02\/o-brien-300x300.jpg 300w, https:\/\/www.kaemmerinternational.de\/hannover\/wp-content\/uploads\/2025\/02\/o-brien-150x150.jpg 150w\" sizes=\"(max-width: 400px) 100vw, 400px\" \/><\/figure><div class=\"wp-block-media-text__content\">\n<p><strong>Kieran O\u00b4Brien<\/strong><br>Stellv. Leitung Grundschule<\/p>\n<\/div><\/div>\n\n\n\n<div class=\"wp-block-media-text alignwide\"><figure class=\"wp-block-media-text__media\"><img loading=\"lazy\" decoding=\"async\" width=\"400\" height=\"400\" src=\"https:\/\/www.kaemmerinternational.de\/hannover\/wp-content\/uploads\/2023\/09\/Alvira-Bilo.jpg\" alt=\"\" class=\"wp-image-5670 size-full\" srcset=\"https:\/\/www.kaemmerinternational.de\/hannover\/wp-content\/uploads\/2023\/09\/Alvira-Bilo.jpg 400w, https:\/\/www.kaemmerinternational.de\/hannover\/wp-content\/uploads\/2023\/09\/Alvira-Bilo-300x300.jpg 300w, https:\/\/www.kaemmerinternational.de\/hannover\/wp-content\/uploads\/2023\/09\/Alvira-Bilo-150x150.jpg 150w\" sizes=\"(max-width: 400px) 100vw, 400px\" \/><\/figure><div class=\"wp-block-media-text__content\">\n<p><strong>Alvira Bilo<\/strong><br>Leitung Gymnasium, Klassenlehrerin Klasse 9<\/p>\n<\/div><\/div>\n\n\n\n<div class=\"wp-block-media-text alignwide\"><figure class=\"wp-block-media-text__media\"><img loading=\"lazy\" decoding=\"async\" width=\"400\" height=\"400\" src=\"https:\/\/www.kaemmerinternational.de\/hannover\/wp-content\/uploads\/2023\/09\/Mario-Torregrosa.jpg\" alt=\"\" class=\"wp-image-5672 size-full\" srcset=\"https:\/\/www.kaemmerinternational.de\/hannover\/wp-content\/uploads\/2023\/09\/Mario-Torregrosa.jpg 400w, https:\/\/www.kaemmerinternational.de\/hannover\/wp-content\/uploads\/2023\/09\/Mario-Torregrosa-300x300.jpg 300w, https:\/\/www.kaemmerinternational.de\/hannover\/wp-content\/uploads\/2023\/09\/Mario-Torregrosa-150x150.jpg 150w\" sizes=\"(max-width: 400px) 100vw, 400px\" \/><\/figure><div class=\"wp-block-media-text__content\">\n<p><strong>Mario Torregrosa Tejelo<\/strong><br>stellv. Leitung Gymnasium, Klassenlehrer Klassen 8 und 10<\/p>\n<\/div><\/div>\n\n\n\n<div class=\"wp-block-media-text alignwide\"><figure class=\"wp-block-media-text__media\"><img loading=\"lazy\" decoding=\"async\" width=\"400\" height=\"400\" src=\"https:\/\/www.kaemmerinternational.de\/hannover\/wp-content\/uploads\/2025\/02\/tillmanns.jpg\" alt=\"\" class=\"wp-image-6158 size-full\" srcset=\"https:\/\/www.kaemmerinternational.de\/hannover\/wp-content\/uploads\/2025\/02\/tillmanns.jpg 400w, https:\/\/www.kaemmerinternational.de\/hannover\/wp-content\/uploads\/2025\/02\/tillmanns-300x300.jpg 300w, https:\/\/www.kaemmerinternational.de\/hannover\/wp-content\/uploads\/2025\/02\/tillmanns-150x150.jpg 150w\" sizes=\"(max-width: 400px) 100vw, 400px\" \/><\/figure><div class=\"wp-block-media-text__content\">\n<p><strong>Jacqueline Tillmanns<\/strong><br>Leitung Kindertagesst\u00e4tte<\/p>\n<\/div><\/div>\n\n\n\n<div class=\"wp-block-media-text alignwide\"><figure class=\"wp-block-media-text__media\"><img loading=\"lazy\" decoding=\"async\" width=\"400\" height=\"400\" src=\"https:\/\/www.kaemmerinternational.de\/hannover\/wp-content\/uploads\/2025\/02\/grandon.jpg\" alt=\"\" class=\"wp-image-6159 size-full\" srcset=\"https:\/\/www.kaemmerinternational.de\/hannover\/wp-content\/uploads\/2025\/02\/grandon.jpg 400w, https:\/\/www.kaemmerinternational.de\/hannover\/wp-content\/uploads\/2025\/02\/grandon-300x300.jpg 300w, https:\/\/www.kaemmerinternational.de\/hannover\/wp-content\/uploads\/2025\/02\/grandon-150x150.jpg 150w\" sizes=\"(max-width: 400px) 100vw, 400px\" \/><\/figure><div class=\"wp-block-media-text__content\">\n<p><strong>Chandlor Grandon<\/strong><br>Stellvertretende Leitung Kindertagesst\u00e4tte <\/p>\n<\/div><\/div>\n\n\n\n<div class=\"wp-block-media-text alignwide\"><figure class=\"wp-block-media-text__media\"><img loading=\"lazy\" decoding=\"async\" width=\"400\" height=\"400\" src=\"https:\/\/www.kaemmerinternational.de\/hannover\/wp-content\/uploads\/2024\/10\/houston.jpg\" alt=\"\" class=\"wp-image-5995 size-full\" srcset=\"https:\/\/www.kaemmerinternational.de\/hannover\/wp-content\/uploads\/2024\/10\/houston.jpg 400w, https:\/\/www.kaemmerinternational.de\/hannover\/wp-content\/uploads\/2024\/10\/houston-300x300.jpg 300w, https:\/\/www.kaemmerinternational.de\/hannover\/wp-content\/uploads\/2024\/10\/houston-150x150.jpg 150w\" sizes=\"(max-width: 400px) 100vw, 400px\" \/><\/figure><div class=\"wp-block-media-text__content\">\n<p><strong>Amy Houston<\/strong><br>Medienp\u00e4dagogische Leiterin KIBS, Coding Lehrerin Grundschule<\/p>\n<\/div><\/div>\n\n\n\n<div class=\"wp-block-media-text alignwide\"><figure class=\"wp-block-media-text__media\"><img loading=\"lazy\" decoding=\"async\" width=\"400\" height=\"399\" src=\"https:\/\/www.kaemmerinternational.de\/hannover\/wp-content\/uploads\/2023\/11\/9202856-e1700728694308.jpg\" alt=\"\" class=\"wp-image-5753 size-full\" srcset=\"https:\/\/www.kaemmerinternational.de\/hannover\/wp-content\/uploads\/2023\/11\/9202856-e1700728694308.jpg 400w, https:\/\/www.kaemmerinternational.de\/hannover\/wp-content\/uploads\/2023\/11\/9202856-e1700728694308-300x300.jpg 300w, https:\/\/www.kaemmerinternational.de\/hannover\/wp-content\/uploads\/2023\/11\/9202856-e1700728694308-150x150.jpg 150w\" sizes=\"(max-width: 400px) 100vw, 400px\" \/><\/figure><div class=\"wp-block-media-text__content\">\n<p><strong>Martin Clarke<\/strong><br>Assistent der p\u00e4dagogischen Leitung<\/p>\n<\/div><\/div>\n\n\n\n<div class=\"wp-block-media-text alignwide\"><figure class=\"wp-block-media-text__media\"><img loading=\"lazy\" decoding=\"async\" width=\"400\" height=\"400\" src=\"https:\/\/www.kaemmerinternational.de\/hannover\/wp-content\/uploads\/2025\/02\/may-fairbairn.jpg\" alt=\"\" class=\"wp-image-6163 size-full\" srcset=\"https:\/\/www.kaemmerinternational.de\/hannover\/wp-content\/uploads\/2025\/02\/may-fairbairn.jpg 400w, https:\/\/www.kaemmerinternational.de\/hannover\/wp-content\/uploads\/2025\/02\/may-fairbairn-300x300.jpg 300w, https:\/\/www.kaemmerinternational.de\/hannover\/wp-content\/uploads\/2025\/02\/may-fairbairn-150x150.jpg 150w\" sizes=\"(max-width: 400px) 100vw, 400px\" \/><\/figure><div class=\"wp-block-media-text__content\">\n<p><strong>Annika May-Fairbairn<\/strong><br>Sek II Leitung<\/p>\n<\/div><\/div>\n\n\n\n<h2 class=\"wp-block-heading\">Sekretariat: <\/h2>\n\n\n\n<div class=\"wp-block-media-text alignwide\"><figure class=\"wp-block-media-text__media\"><img loading=\"lazy\" decoding=\"async\" width=\"400\" height=\"400\" src=\"https:\/\/www.kaemmerinternational.de\/hannover\/wp-content\/uploads\/2023\/11\/9202872-e1700727643546.jpeg\" alt=\"\" class=\"wp-image-5735 size-full\" srcset=\"https:\/\/www.kaemmerinternational.de\/hannover\/wp-content\/uploads\/2023\/11\/9202872-e1700727643546.jpeg 400w, https:\/\/www.kaemmerinternational.de\/hannover\/wp-content\/uploads\/2023\/11\/9202872-e1700727643546-300x300.jpeg 300w, https:\/\/www.kaemmerinternational.de\/hannover\/wp-content\/uploads\/2023\/11\/9202872-e1700727643546-150x150.jpeg 150w\" sizes=\"(max-width: 400px) 100vw, 400px\" \/><\/figure><div class=\"wp-block-media-text__content\">\n<p><strong>Gerlind Kauffmann<\/strong><br>Schulsekretariat<\/p>\n<\/div><\/div>\n\n\n\n<div class=\"wp-block-media-text alignwide\"><figure class=\"wp-block-media-text__media\"><img loading=\"lazy\" decoding=\"async\" width=\"400\" height=\"400\" src=\"https:\/\/www.kaemmerinternational.de\/hannover\/wp-content\/uploads\/2025\/02\/mladenovic.jpg\" alt=\"\" class=\"wp-image-6161 size-full\" srcset=\"https:\/\/www.kaemmerinternational.de\/hannover\/wp-content\/uploads\/2025\/02\/mladenovic.jpg 400w, https:\/\/www.kaemmerinternational.de\/hannover\/wp-content\/uploads\/2025\/02\/mladenovic-300x300.jpg 300w, https:\/\/www.kaemmerinternational.de\/hannover\/wp-content\/uploads\/2025\/02\/mladenovic-150x150.jpg 150w\" sizes=\"(max-width: 400px) 100vw, 400px\" \/><\/figure><div class=\"wp-block-media-text__content\">\n<p><strong>Tamara Mladenovic<\/strong><br>Schul- und KiTa-Sekretariat<\/p>\n<\/div><\/div>\n\n\n\n<div class=\"wp-block-media-text alignwide\"><figure class=\"wp-block-media-text__media\"><img loading=\"lazy\" decoding=\"async\" width=\"388\" height=\"404\" src=\"https:\/\/www.kaemmerinternational.de\/hannover\/wp-content\/uploads\/2023\/11\/kate-e1700744889522.jpg\" alt=\"\" class=\"wp-image-5796 size-full\" srcset=\"https:\/\/www.kaemmerinternational.de\/hannover\/wp-content\/uploads\/2023\/11\/kate-e1700744889522.jpg 388w, https:\/\/www.kaemmerinternational.de\/hannover\/wp-content\/uploads\/2023\/11\/kate-e1700744889522-288x300.jpg 288w\" sizes=\"(max-width: 388px) 100vw, 388px\" \/><\/figure><div class=\"wp-block-media-text__content\">\n<p><strong>Kate Wiles<\/strong><br>Apple Admin Koordinatorin<\/p>\n<\/div><\/div>\n\n\n\n<div class=\"wp-block-media-text alignwide\"><figure class=\"wp-block-media-text__media\"><img loading=\"lazy\" decoding=\"async\" width=\"400\" height=\"400\" src=\"https:\/\/www.kaemmerinternational.de\/hannover\/wp-content\/uploads\/2023\/11\/1477074575-e1700744411601.jpg\" alt=\"\" class=\"wp-image-5794 size-full\" srcset=\"https:\/\/www.kaemmerinternational.de\/hannover\/wp-content\/uploads\/2023\/11\/1477074575-e1700744411601.jpg 400w, https:\/\/www.kaemmerinternational.de\/hannover\/wp-content\/uploads\/2023\/11\/1477074575-e1700744411601-300x300.jpg 300w, https:\/\/www.kaemmerinternational.de\/hannover\/wp-content\/uploads\/2023\/11\/1477074575-e1700744411601-150x150.jpg 150w\" sizes=\"(max-width: 400px) 100vw, 400px\" \/><\/figure><div class=\"wp-block-media-text__content\">\n<p><strong>Gunnar Daedelow<\/strong><br>Hausmeister<\/p>\n<\/div><\/div>\n\n\n\n<div class=\"wp-block-media-text alignwide\"><figure class=\"wp-block-media-text__media\"><img loading=\"lazy\" decoding=\"async\" width=\"400\" height=\"400\" src=\"https:\/\/www.kaemmerinternational.de\/hannover\/wp-content\/uploads\/2025\/02\/fehrmann.jpg\" alt=\"\" class=\"wp-image-6162 size-full\" srcset=\"https:\/\/www.kaemmerinternational.de\/hannover\/wp-content\/uploads\/2025\/02\/fehrmann.jpg 400w, https:\/\/www.kaemmerinternational.de\/hannover\/wp-content\/uploads\/2025\/02\/fehrmann-300x300.jpg 300w, https:\/\/www.kaemmerinternational.de\/hannover\/wp-content\/uploads\/2025\/02\/fehrmann-150x150.jpg 150w\" sizes=\"(max-width: 400px) 100vw, 400px\" \/><\/figure><div class=\"wp-block-media-text__content\">\n<p><strong>Jil Fehrmann<\/strong><br>HR Assistant<\/p>\n<\/div><\/div>\n\n\n\n<h2 class=\"wp-block-heading\">Lehrkr\u00e4fte:<\/h2>\n\n\n\n<p><a href=\"https:\/\/www.kaemmerinternational.de\/hannover\/grundschule\/\" data-type=\"page\" data-id=\"8\">Lehrkr\u00e4fte Grundschule<\/a><\/p>\n\n\n\n<p><a href=\"https:\/\/www.kaemmerinternational.de\/hannover\/gymnasium\/\" data-type=\"page\" data-id=\"81\">Lehrkr\u00e4fte Gymnasium<\/a><\/p>\n\n\n\n<p><a href=\"https:\/\/www.kaemmerinternational.de\/hannover\/kita\/\" data-type=\"page\" data-id=\"83\">Lehrkr\u00e4fte KiTa<\/a><\/p>","protected":false},"excerpt":{"rendered":"<p>Gesch\u00e4ftsf\u00fchrung Heike EckhoffGesch\u00e4ftsf\u00fchrerin KIBS Maren ClarkeP\u00e4dagogische Leitung KIBS, Schulleitung Grundschule Kieran O\u00b4BrienStellv. Leitung Grundschule Alvira BiloLeitung Gymnasium, Klassenlehrerin Klasse 9 Mario Torregrosa Tejelostellv. Leitung Gymnasium, Klassenlehrer Klassen 8 und 10 Jacqueline TillmannsLeitung Kindertagesst\u00e4tte Chandlor GrandonStellvertretende Leitung Kindertagesst\u00e4tte Amy HoustonMedienp\u00e4dagogische Leiterin KIBS, Coding Lehrerin Grundschule Martin ClarkeAssistent der p\u00e4dagogischen Leitung Annika May-FairbairnSek II Leitung Sekretariat: Gerlind<\/p>\n<div><a class=\"btn-filled btn\" href=\"https:\/\/www.kaemmerinternational.de\/hannover\/ueber-uns\/staff\/\" title=\"KIBS Staff\">Read More<\/a><\/div>\n","protected":false},"author":1,"featured_media":0,"parent":95,"menu_order":0,"comment_status":"closed","ping_status":"closed","template":"","meta":{"footnotes":""},"class_list":["post-4372","page","type-page","status-publish","hentry"],"_links":{"self":[{"href":"https:\/\/www.kaemmerinternational.de\/hannover\/wp-json\/wp\/v2\/pages\/4372","targetHints":{"allow":["GET"]}}],"collection":[{"href":"https:\/\/www.kaemmerinternational.de\/hannover\/wp-json\/wp\/v2\/pages"}],"about":[{"href":"https:\/\/www.kaemmerinternational.de\/hannover\/wp-json\/wp\/v2\/types\/page"}],"author":[{"embeddable":true,"href":"https:\/\/www.kaemmerinternational.de\/hannover\/wp-json\/wp\/v2\/users\/1"}],"replies":[{"embeddable":true,"href":"https:\/\/www.kaemmerinternational.de\/hannover\/wp-json\/wp\/v2\/comments?post=4372"}],"version-history":[{"count":0,"href":"https:\/\/www.kaemmerinternational.de\/hannover\/wp-json\/wp\/v2\/pages\/4372\/revisions"}],"up":[{"embeddable":true,"href":"https:\/\/www.kaemmerinternational.de\/hannover\/wp-json\/wp\/v2\/pages\/95"}],"wp:attachment":[{"href":"https:\/\/www.kaemmerinternational.de\/hannover\/wp-json\/wp\/v2\/media?parent=4372"}],"curies":[{"name":"wp","href":"https:\/\/api.w.org\/{rel}","templated":true}]}}